te number?
True
Let i(l) be the first derivative of -l**2/2 - 8*l + 2. Let n be i(-9). Is (-20)/(n*-2) + -1 a composite number?
True
Let g be ((-2)/(-5))/(2/60). Suppose 134 = 2*i - 5*a, -3*a = -0*a - g. Is i prime?
False
Let g be 0*(1/(-2))/(-1). Is g - (3 + -3 - 83) a prime number?
True
Suppose 296 = 5*x + f, -4 + 0 = -4*f. Is x a composite number?
False
Let t(u) = 19*u**2 + 2*u - 3. Is t(-4) prime?
True
Suppose -4*g + 1 + 11 = 0. Let f(n) = 24 - n**g + 2*n**3 + 14 + n**2 + n. Is f(0) composite?
True
Suppose m = 5*i - 1300, -3*i - i - m = -1031. Is i a composite number?
True
Suppose 0*t + 190 = 2*t. Let m = t + -46. Is m a prime number?
False
Let q be (20 - 0)*(-330)/(-75). Suppose -d + q = -g, 2*d + 2*g + 425 = 7*d. Is d a composite number?
False
Let g = 2 - 3. Let u(w) be the second derivative of -3*w**5/2 + w**4/12 - 2*w. Is u(g) prime?
True
Let n be 37508/24 + (-3)/(-18). Suppose 828 = 3*u - n. Is u a prime number?
True
Suppose -3*m = -88 - 71. Is m a composite number?
False
Suppose s = 0, -3*r - 3*s + 3 = 6. Let c be 1/(r - (-12)/9). Suppose -c*d + 23 = -88. Is d a prime number?
True
Let s(p) = p**2 + 7*p + 7. Let a be s(-6). Is (91 - 4)*(2 - a) composite?
True
Suppose -2*h = -5*n + 559, 2*h - 223 = -2*n + 3*h. Is n prime?
True
Suppose 8 = 2*n - 4. Let d(o) = -2*o**2 + 8*o + 5. Let r be d(n). Let w = r + 41. Is w composite?
True
Let a(v) = -4*v**2 + 15*v - 4. Let n(f) = 6 - 3 + 0*f**2 - 15*f + 5*f**2. Let s(x) = 4*a(x) + 3*n(x). Is s(8) a composite number?
True
Suppose -4 = -s, -3*s - 681 = -3*f - 6*s. Is f prime?
True
Let b be (-6 - -7)/((-2)/(-464)). Suppose -10 + 2 = -2*z. Suppose 4*p - k - z*k = 437, -2*p - 2*k = -b. Is p composite?
False
Suppose -3*m = -5*m + l + 14, -2*l = -2*m + 18. Is 566/m + (-9)/45 prime?
True
Let g = 880 + -441. Is g a composite number?
False
Suppose 0 = -7*w + 3*w + 524. Is w a composite number?
False
Let m(j) = 54*j**2 - 6*j + 1. Is m(-3) a prime number?
False
Let s(g) be the first derivative of g**4/2 - g**3 - 3*g + 3. Is s(4) a prime number?
False
Suppose 0 = -y + 22 + 1. Suppose -n + 192 = 3*n. Let c = n - y. Is c prime?
False
Let o(n) = -n**2 + 97. Is o(0) composite?
False
Suppose -4*d = 6 + 2, -2*p - 2*d = 14. Let w be ((-2)/(-4))/(p/(-100)). Suppose 2 = 3*b - w. Is b prime?
False
Is (-5)/(30/(-19176)) + -5 a composite number?
False
Let y(j) = -j**2 - 5*j + 6. Let g(a) = 2*a**2 + 5*a - 7. Let u(n) = -2*g(n) - 3*y(n). Let o be u(5). Let m = o + 7. Is m a prime number?
True
Let x(l) = l**2 - 4*l**2 + l**3 + 30*l**3 + l + 2*l**2. Is x(1) composite?
False
Let k be 10/65 + (-201)/39. Let g(o) = o - 6. Let r be g(8). Is 96/10 - r/k composite?
True
Let o(t) = -4*t - 10. Let d be o(-6). Let h(g) = 9*g - 11. Is h(d) prime?
False
Let c(q) = -q**3 + 2*q**2 + q + 4. Let a be c(4). Is ((-8)/a)/((-2)/(-462)) a composite number?
True
Is (5 + (-5 - -3) - -77) + -1 prime?
True
Let v(x) = -x**2 + 7*x. Let i be v(6). Suppose 2*r = -i*q + q - 43, 0 = 3*r + q + 71. Let t = 55 - r. Is t prime?
True
Suppose 0 = -77*s + 72*s + 24595. Is s a composite number?
False
Let b(a) = -a**3 - 3*a**2 - a - 2. Is b(-5) a composite number?
False
Let x(o) = 8*o**2 + 3*o - 8. Is x(-9) prime?
True
Let c = -29 + 58. Let u = 82 - c. Is u prime?
True
Let m(c) be the third derivative of -c**6/120 - c**5/30 - c**4/24 - c**3/2 + 6*c**2. Is m(-5) a prime number?
False
Let v be (-3)/(-12) + (-14)/(-8). Suppose 646 = 4*i - v*s, 4*i = -3*s + 109 + 512. Is i a prime number?
False
Is (9/(-6)*(-5862)/(-9))/(-1) prime?
True
Suppose z - 87 = -7. Let g = -119 + z. Let r = 96 + g. Is r prime?
False
Suppose 2*f = y + 1840, f + 0*f - 913 = 4*y. Is f prime?
False
Suppose -2*z + 583 = 3*f, z + 5*f = -z + 573. Is z prime?
False
Suppose 0 = 4*k - 4*a - 144, -3*a = -4 + 1. Is k composite?
False
Let s(m) = m**3 + 4*m**2 + 2*m - 2. Let q be s(-2). Suppose -q*c + 4 = -130. Is c a prime number?
True
Let n(q) = 3*q - 1. Let j be n(1). Let v be 8 + -6 - (1 - j). Suppose 5*r = -h + 20, 21 = -5*h + v*r + 149. Is h prime?
False
Let g be (-7)/9 - 4/18. Suppose -1 = -3*w - f - 2, w + 3*f + 11 = 0. Is 0 - ((w - g) + -39) prime?
True
Let u = -3 + -1. Let v = 135 + u. Is v a prime number?
True
Let a = 98 + -39. Is a a composite number?
False
Let s be 1/2*(0 + 28). Suppose 2*r - 176 = -4*m - s, 2*r - 178 = 4*m. Is r a composite number?
True
Let y(s) = -6 - 11*s + s - s. Is y(-5) a prime number?
False
Suppose 0 = 4*b - 2*b - 618. Is b prime?
False
Suppose 11633 = -6*r + 31751. Is r composite?
True
Let c(r) = 7*r**2 + 2*r. Let h be c(3). Let j = h + -38. Is j a prime number?
True
Let r(u) = 8*u - 2*u**3 - u**3 - 7 + 2*u**3 + 6*u**2. Let d be r(7). Suppose d*a + 66 = 2*a. Is a a composite number?
True
Suppose -19327 = -4*v - 7*v. Is v composite?
True
Let t be (7 + -3)/(0 + -1). Is (-6)/t*820/15 a composite number?
True
Let n = -190 - -381. Is n a composite number?
False
Suppose -g = -0 + 7. Let f(m) = m**3 + 9*m**2 + m. Is f(g) a prime number?
False
Let y be 4 + 680/((-5)/1). Suppose 5*d - 5*s + 1080 = 0, -2*d - 3*s + 7*s = 434. Let k = y - d. Is k composite?
False
Is 23420/(-40)*(-2 - 0) composite?
False
Let o(k) = k**2 + k + k - 3*k**2 + 3 - 4*k**3. Let d(s) = s**2 + 7*s - 2. Let a be d(-7). Is o(a) prime?
True
Suppose -4*v + 6 = -3*v. Is (-4)/v + (-68)/(-3) a prime number?
False
Let s be ((-33)/2)/(1/(-2)). Let h = 53 - s. Suppose -x + h = x. Is x a composite number?
True
Suppose 2*l - 6 + 1306 = 4*t, 0 = 3*t + 3*l - 957. Is t a prime number?
False
Let u = -382 - -717. Is u a composite number?
True
Let f(v) = -4*v**3 - 3*v**2 - 4*v. Let q be f(7). Let i be 6/10 - q/5. Suppose -3*n + 459 = 3*o, -o = o + 3*n - i. Is o prime?
True
Let m = 21 + -11. Suppose 121 = 4*z + 25. Is (z/m + 2)*5 a composite number?
True
Is 275*2 - (-3 - 0) a composite number?
True
Suppose -6*b + 4*i - 8 = -2*b, 5*b + 3*i - 30 = 0. Suppose 102 = b*j - 9. Let v = j + -6. Is v a composite number?
False
Is 1 + 328 - (3/1 + -5) a prime number?
True
Let z be 10/3*6/4. Suppose -3*q - 8 = -5*q. Suppose 0 = -z*c + 3*a + 61, -a - q*a = 4*c - 71. Is c composite?
True
Is (-4)/((-12)/573) - 0 a composite number?
False
Is ((-2193)/5 + (-2)/5)*-5 prime?
False
Is 37 + 0 + 8/(-2) composite?
True
Let o(l) = -2*l**2 + 13*l**2 - l - 7 - l**3 - 3*l. Let j be o(7). Suppose 0 = -5*a + 2*r + 3*r + 185, 5*a = -r + j. Is a a prime number?
False
Is -13 - -1492 - (3 + -1) prime?
False
Is 307*(-4)/(-2 - 2) a prime number?
True
Let l(o) = -195*o**3 + 3*o**2 + 7*o + 11. Is l(-2) a composite number?
True
Is 0 + (-1 - (3 - 42))/2 composite?
False
Suppose -3*u - 17 = 13. Is (-2110)/(-25) + (-6)/u composite?
True
Let t be (8/3)/(2/6). Is (-5)/(20/t) + 79 prime?
False
Let h(k) be the third derivative of 2*k**5/15 - k**4/8 - k**3/6 - 3*k**2. Let c be h(-3). Let b = c - 33. Is b a composite number?
False
Is (-2527)/(-21) + 4/6 composite?
True
Let k = -8 + 13. Let n be (4/10)/(k/25). Suppose -n*y + 28 = -2. Is y composite?
True
Let z(c) = -c - 8. Let m be z(-8). Let o(f) = -f**3 - 5*f**2 - f + 5. Let n be o(-5). Let d = m + n. Is d a composite number?
True
Suppose -j - 20 = -57. Is j a prime number?
True
Suppose -3*y = 2*v - 793 + 14, -16 = -4*v. Is y a composite number?
False
Suppose 2*i = -v + 1, 0 = -5*i - v - 2 - 3. Let l be (0/i)/(-3 - 0). Suppose l = r - 2*f - 47, 4*r = -3*f - 2*f + 201. Is r prime?
False
Suppose -2 = -4*x + 10. Suppose -2*y - x*z + 0*z = 5, -2*y + 16 = -4*z. Suppose 7*w - 575 = y*w. Is w prime?
False
Let u = -9 - -9. Suppose u = -3*m - 5*f + 257, 4*f - 6 = 7*f. Is m composite?
False
Suppose 0 = -5*b + 3*b + 502. Is b prime?
True
Let w(h) = h**3 + 8*h**2 + 8*h + 10. Let s be w(-7). Suppose -2*r + 4*f = -6, 0*f + 2 = s*r + f. Is (2 - r)*(0 + 89) a composite number?
False
Let c(i) = 30*i + 11. Is c(4) a composite number?
False
Let c(b) = 4*b**2 + 11*b + 5. Is c(-6) composite?
False
Suppose 0 = t - 4*t + 1266. Is t a prime number?
False
Let l(n) = n**2 + n + 1. Is l(-4) a composite number?
False
Let s = -1354 + 2453. Is s a composite number?
True
Is ((-5)/(-3) + 3)/(4/174) prime?
False
Suppose 0 = 2*g - 712 - 226. Is g a prime number?
False
Let r(o) = 76*o - 4. Let q be r(-3). Let s be (15/10)/(6/q). Let u = -23 - s. Is u a composite number?
True
Let q(d) = -5*d**2 + 7*d + 7. Let c be q(7). Suppose -5*b = -8*b + 36. Is 2 